{"id":10,"date":"2010-04-28T17:26:59","date_gmt":"2010-04-28T16:26:59","guid":{"rendered":"http:\/\/www.avallon.ch\/?page_id=10"},"modified":"2026-01-23T15:07:40","modified_gmt":"2026-01-23T14:07:40","slug":"contact","status":"publish","type":"page","link":"https:\/\/www.avallon.ch\/?page_id=10","title":{"rendered":"Contact"},"content":{"rendered":"<p style=\"text-align: center;\"><strong>Prochaine date d&rsquo;entr\u00e9e possible dans notre \u00e9cole :<\/strong><\/p>\n<p style=\"text-align: center;\"><strong>\u00a0NOVEMBRE 2026<\/strong><\/p>\n<p>Si vous \u00eates int\u00e9ress\u00e9(e), merci de prendre contact avec l&rsquo;une des druides ci-dessous :<\/p>\n<p>\u00a0Elena (rdv donn\u00e9 dans la r\u00e9gion de Gen\u00e8ve) <a href=\"mailto:elena.courrier.mails1@gmail.com\">\u00a0elena.courrier.mails1@gmail.com<\/a><\/p>\n<p>\u00a0Dominique (rdv donn\u00e9 dans le Nord Vaudois)\u00a0 <a style=\"font-size: 1.4em;\" href=\"mailto:edh.accueilvd@gmail.com\" target=\"_blank\" rel=\"noopener\">edh.accueilvd@gmail.com<\/a><\/p>\n<p>Toute nouvelle personne est tenue de rencontrer un des druides de l&rsquo;\u00e9cole avant son premier cercle. Il vaut donc mieux r\u00e9sider en Suisse Romande et\/ou avoir une autonomie de d\u00e9placements.<\/p>\n<p>Aucun enseignement n&rsquo;est donn\u00e9 par correspondance.<\/p>\n\n","protected":false},"excerpt":{"rendered":"<p>Prochaine date d&rsquo;entr\u00e9e possible dans notre \u00e9cole : \u00a0NOVEMBRE 2026 Si vous \u00eates int\u00e9ress\u00e9(e), merci de prendre contact avec l&rsquo;une des druides ci-dessous : \u00a0Elena (rdv donn\u00e9 dans la r\u00e9gion de Gen\u00e8ve) \u00a0elena.courrier.mails1@gmail.com \u00a0Dominique (rdv donn\u00e9 dans le Nord Vaudois)\u00a0 &hellip; <a href=\"https:\/\/www.avallon.ch\/?page_id=10\">Continuer la lecture <span class=\"meta-nav\">&rarr;<\/span><\/a><\/p>\n","protected":false},"author":1,"featured_media":0,"parent":0,"menu_order":5,"comment_status":"closed","ping_status":"open","template":"","meta":{"footnotes":""},"class_list":["post-10","page","type-page","status-publish","hentry"],"_links":{"self":[{"href":"https:\/\/www.avallon.ch\/index.php?rest_route=\/wp\/v2\/pages\/10","targetHints":{"allow":["GET"]}}],"collection":[{"href":"https:\/\/www.avallon.ch\/index.php?rest_route=\/wp\/v2\/pages"}],"about":[{"href":"https:\/\/www.avallon.ch\/index.php?rest_route=\/wp\/v2\/types\/page"}],"author":[{"embeddable":true,"href":"https:\/\/www.avallon.ch\/index.php?rest_route=\/wp\/v2\/users\/1"}],"replies":[{"embeddable":true,"href":"https:\/\/www.avallon.ch\/index.php?rest_route=%2Fwp%2Fv2%2Fcomments&post=10"}],"version-history":[{"count":43,"href":"https:\/\/www.avallon.ch\/index.php?rest_route=\/wp\/v2\/pages\/10\/revisions"}],"predecessor-version":[{"id":668,"href":"https:\/\/www.avallon.ch\/index.php?rest_route=\/wp\/v2\/pages\/10\/revisions\/668"}],"wp:attachment":[{"href":"https:\/\/www.avallon.ch\/index.php?rest_route=%2Fwp%2Fv2%2Fmedia&parent=10"}],"curies":[{"name":"wp","href":"https:\/\/api.w.org\/{rel}","templated":true}]}}