{"id":223,"date":"2010-06-18T15:03:30","date_gmt":"2010-06-18T14:03:30","guid":{"rendered":"http:\/\/www.avallon.ch\/?page_id=223"},"modified":"2026-02-16T08:59:46","modified_gmt":"2026-02-16T07:59:46","slug":"quest-ce-que-le-druidisme","status":"publish","type":"page","link":"https:\/\/www.avallon.ch\/","title":{"rendered":"Accueil"},"content":{"rendered":"<p style=\"text-align: center;\"><a href=\"http:\/\/www.avallon.ch\/wp-content\/uploads\/2010\/06\/tricephale.jpg\"><img loading=\"lazy\" decoding=\"async\" class=\"aligncenter size-full wp-image-316\" style=\"margin-top: 30px; margin-bottom: 30px; border: 0px;\" title=\"Tricephale\" src=\"http:\/\/www.avallon.ch\/wp-content\/uploads\/2010\/06\/tricephale.jpg\" alt=\"\" width=\"138\" height=\"140\" \/><\/a><\/p>\n<p style=\"text-align: justify;\">Le \u00ab\u00a0druidisme\u00a0\u00bb a d\u2019abord \u00e9t\u00e9 et demeure une philosophie traditionnelle. Cette \u00e9vidence, nous l\u2019appr\u00e9hendons difficilement, encombr\u00e9s que nous sommes par l\u2019interpr\u00e9tation toute sacerdotale que C\u00e9sar a donn\u00e9e du r\u00f4le des druides. Les historiens modernes ont accr\u00e9dit\u00e9 son erreur, parce que le druidisme, comme toute discipline initiatique, ne se laisse pas percevoir de l\u2019ext\u00e9rieur. On ne peut le conna\u00eetre sans le pratiquer.<\/p>\n<h3>Qui \u00e9taient les druides\u00a0?<\/h3>\n<p style=\"text-align: justify;\">Les druides, dont le nom signifie \u00ab\u00a0tr\u00e8s savants\u00a0\u00bb, \u00e9taient des philosophes et des enseignants. Ceux qui ne se consacraient pas \u00e0 l\u2019enseignement exer\u00e7aient toutes sortes de m\u00e9tiers\u00a0; ils \u00e9taient m\u00e9decins, architectes, diplomates, juristes, magistrats, financiers\u00a0; d\u2019autres encore \u00e9taient propri\u00e9taires terriens et \u00e9leveurs. Il y eut \u00e9galement des druidesses qui exerc\u00e8rent le m\u00e9tier de ma\u00eetres d\u2019armes.<\/p>\n<h3>Qu\u2019enseignent les druides\u00a0?<\/h3>\n<p style=\"text-align: justify;\">Outre la philosophie, les druides enseignaient l\u2019astronomie, les math\u00e9matiques, la m\u00e9decine, le droit, l\u2019histoire, la rh\u00e9torique et certaines formes de divination. Aujourd\u2019hui encore ces mati\u00e8res traditionnelles constituent le c\u0153ur de l\u2019enseignement druidique, mais tr\u00e8s diff\u00e9remment de ce que l\u2019on entend g\u00e9n\u00e9ralement sous ces noms. Sont enseign\u00e9s les rudiments d\u2019astronomie ou de math\u00e9matique n\u00e9cessaires \u00e0 la compr\u00e9hension des textes que les druides nous ont transmis. Le but de l\u2019enseignement n\u2019est pas d\u2019accumuler des savoirs ; la m\u00e9tamorphose en est le v\u00e9ritable enjeu. \u00ab La porte est en dedans\u2026 \u00bb lit-on sur le fronton de l\u2019\u00e9glise de Tr\u00e9horenteuc. D\u00e9verrouiller la porte nous ouvre le chemin des trois pl\u00e9nitudes traditionnelles : pl\u00e9nitudes \u00ab de l\u2019\u00e9nergie, de la conscience et de l\u2019amour \u00bb. Il y faut une clef : \u00e0 chacun la sienne. Le moule de cette clef est en nous, nous trouvons le m\u00e9tal qu\u2019il faut y couler par une r\u00e9flexion profonde sur la nature (l\u2019enseignement est donn\u00e9 en plein air), les symboles et les traditions mythologiques de l\u2019Europe.<\/p>\n<h3>Comment devient-on druide\u00a0?<\/h3>\n<p style=\"text-align: justify;\">Tout le monde n\u2019a pas vocation \u00e0 devenir druide. Mais tout le monde peut souhaiter d\u00e9velopper sa conscience.<br \/>\nL\u2019apprentissage du druide s\u2019accomplit au minimum en sept ans mais peut prendre jusqu&rsquo;\u00e0 vingt ans selon le parcours individuel de chacun sur la Voie Druidique.<br \/>\nOn est d\u2019abord <em>marcassin<\/em> (c\u2019est-\u00e0-dire \u00ab \u00e9l\u00e8ve \u00bb)\u00a0 \u00e0 l\u2019\u00e9cole d\u2019un druide consacr\u00e9. Puis, lorsque le marcassin est pr\u00eat,\u00a0 il se voit proposer par le druide l&rsquo;initiation de barde.<br \/>\nLes bardes ensuite, pendant au moins deux ans, suivent l\u2019enseignement d\u2019un druide ou d\u2019un ma\u00eetre-barde (<em>athraw<\/em>) et sont alors nomm\u00e9s <em>awenyddion<\/em>, c&rsquo;est-\u00e0-dire \u00ab inspir\u00e9s \u00bb. Quand l&rsquo;Inspiration bardique a \u00e9t\u00e9 int\u00e9gr\u00e9e par le barde, c&rsquo;est en g\u00e9n\u00e9ral le moment pour lui de passer l&rsquo;Initiation de vate. \u00c0 ce moment, le barde devient un vate, c\u2019est-\u00e0-dire un \u00ab voyant \u00bb (<em>vates<\/em>).<br \/>\nEnfin, apr\u00e8s encore minimum deux ann\u00e9es de perfectionnement avec le druide qui l&rsquo;a initi\u00e9, le vate peut se voir proposer l&rsquo;intronisation de druide.<\/p>\n<p>Important : Il n&rsquo;y a pas de r\u00e8gle quand au Temps de l&rsquo;Initiation. Ce n&rsquo;est pas parce qu&rsquo;on commence un Chemin spirituel avec les Druides que l&rsquo;on a la garantie de le devenir! Le temps et dur\u00e9e des grades est fluctuant en fonction de chacun. Certains n&rsquo;iront pas plus loin que Marcassin, Barde ou Vate car c&rsquo;est l&rsquo;\u00e9tat qui leur convient dans cette vie.<\/p>\n<h3>Qu\u2019apporte le druidisme\u00a0?<\/h3>\n<p style=\"text-align: left; border: 0px none;\">Le druidisme est une \u00e9cole de sagesse. Le druidisme n\u2019a pas de dogmes, et la pratique du druidisme ne remplace pas des superstitions par d\u2019autres. Elle enseigne \u00e0 y voir clair. Le druidisme ouvre nos yeux sur une r\u00e9alit\u00e9 plus simple et plus complexe en m\u00eame temps. Il enseigne \u00e0 consid\u00e9rer comme compl\u00e9mentaires des pens\u00e9es et des \u00e9v\u00e9nements que nous vivons comme contradictoires.<\/p>\n<p style=\"text-align: center; border: 0px none;\"><a href=\"http:\/\/www.avallon.ch\/wp-content\/uploads\/2010\/06\/2.-Corcelles-476ko.-Photo-Pierre-Yves-Massot..jpg\"><img loading=\"lazy\" decoding=\"async\" class=\"aligncenter size-large wp-image-363\" title=\"Corcelles. Photo Pierre-Yves Massot.\" src=\"http:\/\/www.avallon.ch\/wp-content\/uploads\/2010\/06\/2.-Corcelles-476ko.-Photo-Pierre-Yves-Massot.-1024x573.jpg\" alt=\"\" width=\"614\" height=\"344\" srcset=\"https:\/\/www.avallon.ch\/wp-content\/uploads\/2010\/06\/2.-Corcelles-476ko.-Photo-Pierre-Yves-Massot.-1024x573.jpg 1024w, https:\/\/www.avallon.ch\/wp-content\/uploads\/2010\/06\/2.-Corcelles-476ko.-Photo-Pierre-Yves-Massot.-300x168.jpg 300w\" sizes=\"auto, (max-width: 614px) 100vw, 614px\" \/><\/a><\/p>\n<p style=\"text-align: justify;\">Depuis le 2 f\u00e9vrier 2026, L&rsquo;Ecole Druidique d&rsquo;Helv\u00e9tie est membre signataire de la Charte Ethique des Druides qui vise \u00e0 d\u00e9fendre l&rsquo;\u00e9quit\u00e9 et la V\u00e9rit\u00e9 dans notre tradition.<\/p>\n<p><a href=\"https:\/\/chartedruides.eu\/\">https:\/\/chartedruides.eu\/<\/a><\/p>\n","protected":false},"excerpt":{"rendered":"<p>Le \u00ab\u00a0druidisme\u00a0\u00bb a d\u2019abord \u00e9t\u00e9 et demeure une philosophie traditionnelle. Cette \u00e9vidence, nous l\u2019appr\u00e9hendons difficilement, encombr\u00e9s que nous sommes par l\u2019interpr\u00e9tation toute sacerdotale que C\u00e9sar a donn\u00e9e du r\u00f4le des druides. Les historiens modernes ont accr\u00e9dit\u00e9 son erreur, parce que &hellip; <a href=\"https:\/\/www.avallon.ch\/\">Continuer la lecture <span class=\"meta-nav\">&rarr;<\/span><\/a><\/p>\n","protected":false},"author":1,"featured_media":0,"parent":0,"menu_order":1,"comment_status":"closed","ping_status":"open","template":"","meta":{"footnotes":""},"class_list":["post-223","page","type-page","status-publish","hentry"],"_links":{"self":[{"href":"https:\/\/www.avallon.ch\/index.php?rest_route=\/wp\/v2\/pages\/223","targetHints":{"allow":["GET"]}}],"collection":[{"href":"https:\/\/www.avallon.ch\/index.php?rest_route=\/wp\/v2\/pages"}],"about":[{"href":"https:\/\/www.avallon.ch\/index.php?rest_route=\/wp\/v2\/types\/page"}],"author":[{"embeddable":true,"href":"https:\/\/www.avallon.ch\/index.php?rest_route=\/wp\/v2\/users\/1"}],"replies":[{"embeddable":true,"href":"https:\/\/www.avallon.ch\/index.php?rest_route=%2Fwp%2Fv2%2Fcomments&post=223"}],"version-history":[{"count":57,"href":"https:\/\/www.avallon.ch\/index.php?rest_route=\/wp\/v2\/pages\/223\/revisions"}],"predecessor-version":[{"id":678,"href":"https:\/\/www.avallon.ch\/index.php?rest_route=\/wp\/v2\/pages\/223\/revisions\/678"}],"wp:attachment":[{"href":"https:\/\/www.avallon.ch\/index.php?rest_route=%2Fwp%2Fv2%2Fmedia&parent=223"}],"curies":[{"name":"wp","href":"https:\/\/api.w.org\/{rel}","templated":true}]}}