{"id":393,"date":"2011-05-18T16:21:04","date_gmt":"2011-05-18T15:21:04","guid":{"rendered":"http:\/\/www.avallon.ch\/?page_id=393"},"modified":"2026-01-19T11:34:13","modified_gmt":"2026-01-19T10:34:13","slug":"historique","status":"publish","type":"page","link":"https:\/\/www.avallon.ch\/?page_id=393","title":{"rendered":"Historique"},"content":{"rendered":"<div id=\"attachment_530\" style=\"width: 306px\" class=\"wp-caption alignleft\"><a href=\"http:\/\/www.avallon.ch\/wp-content\/uploads\/2010\/06\/20140801_101347.jpg\"><img loading=\"lazy\" decoding=\"async\" aria-describedby=\"caption-attachment-530\" class=\"wp-image-530\" src=\"http:\/\/www.avallon.ch\/wp-content\/uploads\/2010\/06\/20140801_101347-300x225.jpg\" alt=\"20140801_101347\" width=\"296\" height=\"222\" srcset=\"https:\/\/www.avallon.ch\/wp-content\/uploads\/2010\/06\/20140801_101347-300x225.jpg 300w, https:\/\/www.avallon.ch\/wp-content\/uploads\/2010\/06\/20140801_101347-1024x768.jpg 1024w\" sizes=\"auto, (max-width: 296px) 100vw, 296px\" \/><\/a><p id=\"caption-attachment-530\" class=\"wp-caption-text\">La druidesse Liza sur la cr\u00eate du Dragon en Broc\u00e9liande (\u00e9t\u00e9 2013)<\/p><\/div>\n<p style=\"text-align: justify;\">L\u2019\u00c9cole druidique d\u2019Helv\u00e9tie a \u00e9t\u00e9 fond\u00e9e dans le canton de Neuch\u00e2tel, en septembre 2004, par Philippe Camby. Elle a \u00e9t\u00e9 consacr\u00e9e, en novembre 2005, par Gwenc\u2019hlan Le Scou\u00ebzec, Grand druide de Bretagne et Grand Ma\u00eetre de l\u2019Ordre d\u2019Avallon.<\/p>\n<p>L\u2019\u00c9cole druidique d\u2019Helv\u00e9tie se situe ainsi au confluent de trois lign\u00e9es initiatiques\u00a0: celle du bardisme populaire des traditions armoricaines, celle du bardisme gallois (<em>Gorsedd Beirdd Ynys Prydain<\/em>), h\u00e9ritier lui-m\u00eame de l\u2019antique \u00ab\u00a0Chaire de Tali\u00e9sin (<em>Kadeir Taliessin<\/em>)\u00a0\u00bb et celle de la tradition sacerdotale des \u00ab\u00a0coll\u00e8ges de druides invisibles\u00a0\u00bb qui embrass\u00e8rent le christianisme.<\/p>\n<p style=\"text-align: justify;\">2011 : Philippe \u00ab\u00a0fait\u00a0\u00bb ses deux premiers druides helv\u00e8tes : Liza et Patrick.<\/p>\n<p style=\"text-align: justify;\">C&rsquo;est en 2012 que Philippe transmet le b\u00e2ton \u00e0 Liza, donnant \u00ab\u00a0carte blanche\u00a0\u00bb \u00e0 son ancienne \u00e9l\u00e8ve pour l&rsquo;avenir de l&rsquo;EDH.<\/p>\n<p style=\"text-align: justify;\">Puis, sous l&rsquo;impulsion de Liza, une association \u00e0 but non lucratif est cr\u00e9\u00e9e cette m\u00eame ann\u00e9e, peu apr\u00e8s le d\u00e9c\u00e8s de Philippe.<\/p>\n<p style=\"text-align: justify;\">En 2025, l&rsquo;Ecole Druidique d\u2019Helv\u00e9tie compte 7 Druides enseignants, ainsi que plusieurs Vates et bardes.<\/p>\n","protected":false},"excerpt":{"rendered":"<p>L\u2019\u00c9cole druidique d\u2019Helv\u00e9tie a \u00e9t\u00e9 fond\u00e9e dans le canton de Neuch\u00e2tel, en septembre 2004, par Philippe Camby. Elle a \u00e9t\u00e9 consacr\u00e9e, en novembre 2005, par Gwenc\u2019hlan Le Scou\u00ebzec, Grand druide de Bretagne et Grand Ma\u00eetre de l\u2019Ordre d\u2019Avallon. L\u2019\u00c9cole druidique &hellip; <a href=\"https:\/\/www.avallon.ch\/?page_id=393\">Continuer la lecture <span class=\"meta-nav\">&rarr;<\/span><\/a><\/p>\n","protected":false},"author":1,"featured_media":0,"parent":256,"menu_order":1,"comment_status":"closed","ping_status":"open","template":"","meta":{"footnotes":""},"class_list":["post-393","page","type-page","status-publish","hentry"],"_links":{"self":[{"href":"https:\/\/www.avallon.ch\/index.php?rest_route=\/wp\/v2\/pages\/393","targetHints":{"allow":["GET"]}}],"collection":[{"href":"https:\/\/www.avallon.ch\/index.php?rest_route=\/wp\/v2\/pages"}],"about":[{"href":"https:\/\/www.avallon.ch\/index.php?rest_route=\/wp\/v2\/types\/page"}],"author":[{"embeddable":true,"href":"https:\/\/www.avallon.ch\/index.php?rest_route=\/wp\/v2\/users\/1"}],"replies":[{"embeddable":true,"href":"https:\/\/www.avallon.ch\/index.php?rest_route=%2Fwp%2Fv2%2Fcomments&post=393"}],"version-history":[{"count":14,"href":"https:\/\/www.avallon.ch\/index.php?rest_route=\/wp\/v2\/pages\/393\/revisions"}],"predecessor-version":[{"id":656,"href":"https:\/\/www.avallon.ch\/index.php?rest_route=\/wp\/v2\/pages\/393\/revisions\/656"}],"up":[{"embeddable":true,"href":"https:\/\/www.avallon.ch\/index.php?rest_route=\/wp\/v2\/pages\/256"}],"wp:attachment":[{"href":"https:\/\/www.avallon.ch\/index.php?rest_route=%2Fwp%2Fv2%2Fmedia&parent=393"}],"curies":[{"name":"wp","href":"https:\/\/api.w.org\/{rel}","templated":true}]}}